 + 34. Let h = -201 - -219. Calculate the highest common factor of l and h.
9
Let b = 92 + 104. Calculate the greatest common factor of b and 28.
28
Let i be 11 + 6/(-5)*70/28. What is the highest common divisor of i and 104?
8
Suppose 0 = d - 3, 3*c + c = -4*d + 4. Let f(y) = -3*y**3 - 2*y**2 + 2*y + 2. Let m be f(c). What is the greatest common factor of 2 and m?
2
Let s be (33/6)/(((-2)/(-20))/1). What is the highest common factor of 935 and s?
55
Let c(t) = 57*t + 208. Let k be c(24). Calculate the highest common factor of k and 8.
8
Suppose -2*a - 2*a = 5*q - 8, -5*q - 3*a + 11 = 0. Let n be (-4*(-5)/(-70))/(21/(-147)). What is the highest common divisor of n and q?
2
Let d be (-42)/(-24)*5*4. Suppose -253 = v - 1792. Suppose -4*l + v = k, -l + k + 252 = -134. Calculate the highest common divisor of l and d.
35
Let i be 251/5 + 67/(-335). Suppose -u + 0 = -4. Suppose -u*r + 60 = -r. What is the highest common divisor of i and r?
10
Let x(m) = -m**2 + 9*m - 2. Let c(r) = 3*r - 3. Let q be c(3). Let v = 10 - q. Let d be x(v). What is the highest common factor of d and 27?
9
Let i(a) = -a**3 + 2*a**2 + 5*a + 5*a - 5 - 11*a**2. Let g be i(-10). Let x(w) = 2*w**2 - w + 1. Let s be x(g). What is the greatest common factor of s and 28?
28
Suppose 0 = 6*l + 55 - 67. Calculate the greatest common factor of 32 and l.
2
Suppose -t - 4*l - 24 - 40 = 0, -199 = 4*t - 3*l. Let u be (-8)/t - 74/(-26). What is the greatest common divisor of 3 and u?
3
Let h be (3/9)/(21/6048). Calculate the greatest common factor of 64 and h.
32
Let p = 149 - 89. Suppose 0 = 4*r + 5*i, -3*i - 2 - 10 = 0. Suppose -r*x + x = -p. Calculate the greatest common factor of 30 and x.
15
Suppose 9*d - 5*d = 8. Suppose p - 19 = -d. Calculate the highest common factor of 136 and p.
17
Let y(m) = -23*m + 6. Let u be y(-3). Suppose 0 = -4*n - 19 + u. Calculate the highest common divisor of 2 and n.
2
Suppose -12 = 3*p, 4*h - 2*p = -p + 876. Suppose -4*l + 5*x - x = -212, -x = -4*l + h. Calculate the greatest common divisor of l and 5.
5
Suppose -3 = 4*z - 363. Let d(p) = 0 - p - 4 + 18 + 0. Let q be d(-4). Calculate the greatest common divisor of q and z.
18
Let y be 4/7 + (-220)/(-70)*227. Calculate the highest common factor of y and 34.
34
Let d be ((-27)/12)/((-1)/20). Let c be ((0/2)/(3 + -2))/(-2). Suppose -m = -5*g - 14 - 41, 3*m + 2*g - 80 = c. What is the greatest common factor of d and m?
15
Suppose 86 = -8*a + 150. What is the greatest common factor of a and 44?
4
Suppose 6*o - 7534 = -496. Calculate the greatest common factor of o and 51.
51
Let q be (-3 + (1 - 2))/(4/(-3)). What is the highest common factor of q and 6?
3
Let i(a) = -14*a**3 + 8*a**3 + 4 + 5*a**3 - a + 8*a**2 + 0*a. Let o be i(5). What is the highest common divisor of o and 37?
37
Suppose -4*s + g + 18 = s, -5*g = 5*s. Suppose 13*a - 10 - 16 = 0. What is the greatest common factor of s and a?
1
Let k = -51 - -163. Suppose -99*a - 25 = -94*a, 0 = -3*u + a + 89. Calculate the highest common divisor of k and u.
28
Let p = 33 - -1. Let q = 65 - p. What is the highest common divisor of q and 31?
31
Suppose 8*c + 117 = 17*c. Let v be (-2)/(-3)*c/(91/462). Suppose 0 = -5*f - 3 + 23. Calculate the highest common divisor of f and v.
4
Let s be 380/(-7) + 8/28. Let o be s/(-10) + (-6)/15. Suppose -o*l + 114 = -81. What is the highest common divisor of l and 26?
13
Suppose -3*y + 2*y = -u + 5, y = -u + 1. Suppose 0 = 4*d + q - 10, -3*q = -2*d - 7*q - 2. What is the highest common divisor of u and d?
3
Let f be ((-35)/(-10) - 4)*-8. Suppose -t - 92 = -4*u + 4*t, -2*u + 40 = -f*t. What is the greatest common factor of u and 140?
28
Suppose 0 = 31*a - 24*a - 112. Let u(x) = x**3 - 4*x**2 + 3*x + 4. Let g be u(3). What is the greatest common divisor of a and g?
4
Suppose 0 = 5*t - 68 - 82. Let d = 9765 - 9690. Calculate the highest common factor of t and d.
15
Suppose -j - f - 11 = -6*f, 3*j - 24 = -4*f. Suppose -j*n = -7*n + 39. Suppose -2*d = o - 31, d - 5*o - 14 = -2*d. What is the highest common factor of n and d?
13
Let u be (-8 - -6)/(0 + -2). Let d = 8 - 3. Let k = -1 + d. Calculate the greatest common divisor of u and k.
1
Suppose 0 = -2*q - 10 + 14. Suppose 3*y - 39 = -q*y - k, 4*y + 3*k - 40 = 0. Calculate the highest common factor of 14 and y.
7
Let b(g) = g**3 + 18*g**2 + 61*g + 29. Let k be b(-13). What is the highest common divisor of 72 and k?
9
Let u(r) = -r**3 - 3*r**2 + 6*r + 5. Let b be u(-4). Let a be (-128)/(-8) - 1*-1. Let q = a + b. Calculate the greatest common factor of 28 and q.
14
Let y(l) = -11*l - 7. Let c be y(-2). Let d be ((-12)/(-4) - 2) + 104. What is the highest common divisor of d and c?
15
Suppose 17850 = 30*b + 20*b. What is the greatest common divisor of 21 and b?
21
Suppose 26*n - 64 = 24*n. Suppose -11*p + n = 5*p. Calculate the highest common factor of 50 and p.
2
Let h = 100 - 84. Let x be 10*(4 - 3)*1. Suppose 3*d - 14 = x. Calculate the greatest common divisor of h and d.
8
Suppose 0 = 154*i - 111*i - 688. Calculate the highest common factor of 58 and i.
2
Suppose 91 = -3*f + 97. Let h be (-2)/(2*f/(-30)). What is the highest common divisor of 120 and h?
15
Let t(n) = -n**2 - 50*n - 41. Let b be t(-37). Calculate the greatest common factor of b and 308.
44
Let z be (-3 - 0) + -30 + -4. Let o = -28 - z. Calculate the greatest common factor of 3 and o.
3
Suppose -3*f = 4*u - 356, 3*f - 5*f - u = -239. Calculate the greatest common divisor of 640 and f.
40
Let q be (-3)/(-18)*3*46. Suppose 0 = -2*x - 5*l + 11, 10 = 2*x - l - 7. Let v = q - x. Calculate the highest common divisor of 120 and v.
15
Let w be (7/(-2) + 3)*0. Suppose -2*v + v = w. Let k be (70 - v) + -1 + 3. What is the highest common factor of 8 and k?
8
Let s be 15*(-8)/(-136) + (-2)/(-17). Let y(n) = n**2 + 3*n + 4. Let p be y(-3). Calculate the greatest common factor of s and p.
1
Suppose -4 - 20 = 2*n. Let u be 41 + -1 - n/(-12). Let s(m) = m**3 - m + 39. Let d be s(0). Calculate the greatest common factor of d and u.
39
Suppose 0 = 7*b - 10*b + 27. Suppose 7 - b = -2*r. What is the greatest common divisor of r and 1?
1
Let a(u) = 161*u + 23. Let i be a(1). What is the highest common divisor of 16 and i?
8
Let v = -42 - -86. Suppose 6*w = 9*w - 3. Let d(z) = 11*z**2 - z + 1. Let a be d(w). What is the highest common divisor of a and v?
11
Let d be (-114)/(-10)*1 - (-2)/(-5). Calculate the greatest common divisor of 121 and d.
11
Suppose 0 = -f - 0*f + 5, -18 = -2*k - 4*f. Let o be (-3 - k)*(-3 - 5). Suppose 4*l - 44 = o. What is the greatest common divisor of l and 15?
15
Suppose 2*n + 3*n = 0. Suppose n = 3*u - 26 - 7. Suppose -4*z = -4*h + 44, 4*z - 66 = -5*h - u. What is the highest common divisor of 11 and h?
11
Let w = 0 - -104. What is the highest common factor of w and 65?
13
Let p = -66 + 63. Let i(u) = u - 8*u + 1 + 3 + u. Let v be i(p). What is the greatest common factor of 2 and v?
2
Suppose 1497*s - 1452 = 1491*s. Calculate the highest common divisor of 88 and s.
22
Let f = 280 - -168. Calculate the highest common factor of f and 28.
28
Suppose 7*w = -21 + 112. What is the greatest common factor of w and 325?
13
Let a = 10 + 14. Let p(l) be the first derivative of -l**3/3 - 3*l**2 + 10*l - 3. Let j be p(-7). Calculate the highest common divisor of a and j.
3
Let n = -316 + 179. Let i = -115 - n. What is the greatest common divisor of 99 and i?
11
Suppose -7*w - 41 = 120. Let b = 38 + w. What is the greatest common divisor of b and 75?
15
Let g be (-208)/(-6) + (-2)/(-6). Suppose 2*k + 0*k + 23 = 5*t, -32 = -4*t + 5*k. Suppose t*d = g + 28. Calculate the highest common divisor of d and 231.
21
Let w = -1234 + 1258. Suppose 7*m = 5*m + 216. Calculate the greatest common divisor of m and w.
12
Suppose 19*y - 80 = 9*y. Calculate the highest common divisor of y and 328.
8
Suppose 55*l = 57*l + 2, -32 = -5*r - 3*l. Let n = 102 + -53. Calculate the greatest common factor of r and n.
7
Let v = -41 + 41. Suppose -2*l + 23 + 27 = v. Calculate the greatest common factor of l and 10.
5
Let f be ((-1)/3*-58)/(26/1443). Calculate the greatest common factor of 58 and f.
29
Suppose 0 = 14*h - 40 - 254. Calculate the greatest common divisor of 483 and h.
21
Suppose 2*q - 8 = 2*f, -3*q + 0*f = -f - 20. Let v(y) = -4